9 a multiple of 1779?
True
Is 1754 a factor of 555893466?
True
Does 1724 divide 9434718?
False
Does 19 divide 342461548?
True
Is 216 a factor of 1325474064?
True
Does 25 divide 237875181?
False
Is 533402342 a multiple of 4197?
False
Is 80 a factor of 20346319?
False
Does 4 divide 132822292?
True
Does 7 divide 3090122?
True
Is 27 a factor of 81901038?
False
Does 1105 divide 109597867?
False
Does 203 divide 15740620?
True
Is 2491761223 a multiple of 1603?
False
Is 1004569891 a multiple of 13?
True
Is 202 a factor of 21331007?
False
Does 279 divide 181811935?
False
Does 58 divide 105834400?
False
Is 405362787 a multiple of 12?
False
Is 5 a factor of 70417808?
False
Does 25 divide 7196675?
True
Is 123 a factor of 31583448?
True
Does 25 divide 1493792188?
False
Is 215177827 a multiple of 496?
False
Is 8546606 a multiple of 5?
False
Is 253 a factor of 104946171?
True
Does 234 divide 624631665?
False
Is 26376610 a multiple of 25?
False
Is 89696465 a multiple of 16?
False
Does 905 divide 256128575?
True
Does 69 divide 3110791314?
False
Does 11 divide 19502404?
False
Is 4051 a factor of 385843985?
False
Is 213 a factor of 48354969?
False
Does 111 divide 246026616?
True
Is 42 a factor of 150596193?
False
Does 646 divide 175289471?
False
Is 65773434 a multiple of 2879?
False
Is 240322840 a multiple of 12?
False
Is 10 a factor of 6851871700?
True
Does 1219 divide 575296491?
False
Is 73953408 a multiple of 407?
False
Is 41244615 a multiple of 92?
False
Is 64341885 a multiple of 61?
True
Is 53933841 a multiple of 3297?
False
Is 61880263 a multiple of 344?
False
Is 2369 a factor of 116713523?
True
Does 1677 divide 736436797?
False
Is 384 a factor of 129308762?
False
Is 41 a factor of 3545437376?
False
Does 38 divide 204461812?
True
Does 794 divide 44193586?
False
Is 4188 a factor of 1740490?
False
Does 512 divide 4404702208?
True
Does 131 divide 479185914?
False
Is 33 a factor of 962702121?
False
Is 7032970295 a multiple of 5065?
True
Is 155140476 a multiple of 73?
True
Is 43 a factor of 44983590?
True
Does 21 divide 230412483?
True
Is 47185472 a multiple of 496?
True
Is 55244500 a multiple of 21?
False
Does 382 divide 104437272?
True
Is 19 a factor of 3649646122?
True
Is 469708250 a multiple of 218?
True
Does 9 divide 285852645?
True
Is 15498552 a multiple of 2199?
True
Is 615 a factor of 618577556?
False
Does 12 divide 15837468?
True
Is 3627024513 a multiple of 21?
True
Is 44210319 a multiple of 646?
False
Does 132 divide 457249848?
True
Does 13 divide 242848931?
True
Is 14 a factor of 98122920?
True
Is 535 a factor of 53047925?
True
Does 83 divide 9526823?
True
Is 468812581 a multiple of 52?
False
Does 319 divide 69098590?
True
Does 55 divide 1293524705?
True
Is 158340471 a multiple of 542?
False
Does 173 divide 35532297?
True
Is 257314140 a multiple of 90?
True
Does 43 divide 738316493?
True
Does 680 divide 182561003?
False
Is 4 a factor of 1706559460?
True
Is 58965193 a multiple of 13?
False
Does 271 divide 4862824?
True
Is 8 a factor of 839419887?
False
Is 3044151704 a multiple of 1515?
False
Does 20 divide 366203260?
True
Is 744 a factor of 1386321984?
True
Does 362 divide 380703454?
True
Does 3677 divide 307091792?
False
Is 770333014 a multiple of 6457?
True
Is 50119510 a multiple of 49?
False
Is 8 a factor of 4660109389?
False
Is 21 a factor of 1442302318?
False
Does 15 divide 65939565?
True
Is 442036953 a multiple of 5610?
False
Does 4 divide 25351113?
False
Is 45545558 a multiple of 6362?
True
Is 5344 a factor of 120642837?
False
Is 16748469 a multiple of 731?
False
Is 610 a factor of 32614917?
False
Is 195265156 a multiple of 3317?
True
Does 142 divide 225779432?
True
Does 3 divide 8059584?
True
Is 3 a factor of 1559328?
True
Does 773 divide 2899964028?
False
Is 402 a factor of 356856890?
False
Is 17 a factor of 1653125772?
False
Is 217912902 a multiple of 1479?
True
Does 3424 divide 687710400?
True
Is 38 a factor of 351831322?
True
Does 13 divide 695481979?
False
Is 620207948 a multiple of 124?
True
Is 15 a factor of 3582868?
False
Is 195592318 a multiple of 6971?
True
Does 324 divide 353957364?
True
Does 560 divide 81149600?
True
Does 2417 divide 200234129?
False
Is 788139906 a multiple of 1038?
True
Is 316560557 a multiple of 155?
False
Is 4 a factor of 7829127?
False
Is 45 a factor of 13456330?
False
Is 8 a factor of 176736104?
True
Is 4237901 a multiple of 715?
False
Is 22793147 a multiple of 9?
False
Does 444 divide 9492720?
True
Is 56775201 a multiple of 329?
True
Is 35740440 a multiple of 1620?
True
Does 633 divide 134964774?
False
Is 151 a factor of 84115737?
False
Is 12 a factor of 80601359?
False
Is 7 a factor of 412164627?
True
Is 59221410 a multiple of 2598?
True
Is 4650865763 a multiple of 17?
True
Is 41847469 a multiple of 73?
True
Is 1230 a factor of 1538454480?
True
Is 7166792 a multiple of 7?
False
Does 6 divide 66864?
True
Is 4950915321 a multiple of 1947?
True
Does 5 divide 18074375?
True
Is 2907 a factor of 455303423?
False
Is 1051697924 a multiple of 2123?
False
Is 9680310 a multiple of 1710?
True
Is 15679311 a multiple of 11?
False
Is 373229971 a multiple of 4827?
False
Is 279037320 a multiple of 68?
True
Is 137 a factor of 187933997?
True
Does 3866 divide 342662910?
True
Does 329 divide 362018358?
False
Does 14 divide 88071914?
True
Is 80 a factor of 2400?
True
Is 132 a factor of 1402414729?
False
Is 20 a factor of 7085920?
True
Is 1193419026 a multiple of 9?
True
Is 780253137 a multiple of 235?
False
Is 93049450 a multiple of 730?
True
Is 55 a factor of 25110030?
True
Is 5215668 a multiple of 444?
True
Is 56898888 a multiple of 107?
False
Does 213 divide 64739012?
False
Does 57 divide 647310574?
False
Is 1039739232 a multiple of 2144?
True
Does 494 divide 50904230?
True
Is 38 a factor of 3136190666?
False
Does 19 divide 149132083?
True
Does 497 divide 547096927?
False
Does 10 divide 250531406?
False
Does 8 divide 10231896?
True
Is 25232779 a multiple of 3263?
True
Is 173 a factor of 5664885?
True
Is 190888362 a multiple of 2979?
True
Is 1213 a factor of 2769280?
False
Is 41721819 a multiple of 226?
False
Does 2402 divide 9391243?
False
Is 189264300 a multiple of 141?
True
Does 11 divide 18722451?
True
Is 213 a factor of 991299231?
True
Does 138 divide 1609362168?
False
Is 165012884 a multiple of 7039?
False
Is 235 a factor of 41419651?
False
Is 25 a factor of 350440091?
False
Does 26 divide 202018752?
True
Is 155 a factor of 58702065?
True
Is 26522529 a multiple of 33?
True
Is 96509409 a multiple of 19?
False
Is 1141 a factor of 664992540?
False
Is 14 a factor of 367373440?
True
Is 150 a factor of 729834600?
True
Is 33 a factor of 542389947?
True
Is 48927716 a multiple of 46?
True
Does 20 divide 146302500?
True
Is 27628678 a multiple of 77?
True
Does 8 divide 2086125432?
True
Is 56 a factor of 94851456?
True
Is 2832 a factor of 1316880?
True
Is 406 a factor of 95673732?
False
Is 1413742689 a multiple of 996?
False
Is 14 a factor of 28085484?
True
Is 1051 a factor of 619243945?
True
Is 928 a factor of 54048944?
False
Is 47293428 a multiple of 147?
True
Is 8 a factor of 3853922?
False
Does 1009 divide 51663196?
False
Is 47 a factor of 100371781?
False
Is 24504844 a multiple of 2?
True
Does 225 divide 384750?
True
Is 17 a factor of 121527360?
False
Does 339 divide 6181665?
True
Is 236 a factor of 249075816?
True
Is 52370570 a multiple of 1249?
True
Does 27 divide 55162485?
True
Does 28 divide 124026896?
True
Does 1567 divide 176553258?
False
Does 265 divide 80998840?
True
Does 18 divide 69379164?
True
Does 4673 divide 217130240?
False
Does 285 divide 1798914037?
False
Is 25606186 a multiple of 62?
True
Is 723 a factor of 36346656?
True
Is 2463 a factor of 54474854?
False
Does 16 divide 5805280718?
False
Is 182820007 a multiple of 352?
False
Is 722033038 a multiple of 86?
True
Does 445 divide 44939215?
True
Does 154 divide 109265926?
True
Is 547 a factor of 344715571?
True
Does 2848 divide 458201904?
False
Is 3 a factor of 9956431?
False
Does 2 divide 14005443?
False
Does 19 divide 427686200?
True
Does 113 divide 343109693?
False
Does 14 divide 6616290?
False
Does 17 divide 109347706?
True
Is 25 a factor of 80819075?
True
Is 17520096 a multiple of 282?
True
Does 1095 divide 143144448?
False
Is 23924047 a multiple of 531?